{"id":28,"date":"2021-01-12T09:30:57","date_gmt":"2021-01-12T07:30:57","guid":{"rendered":"http:\/\/www.karjavarkaan.com\/?page_id=28"},"modified":"2026-04-18T10:58:52","modified_gmt":"2026-04-18T07:58:52","slug":"pennut","status":"publish","type":"page","link":"http:\/\/www.karjavarkaan.com\/?page_id=28","title":{"rendered":"Pennut"},"content":{"rendered":"\n<h5 class=\"wp-block-heading\"><strong><br>Pennunostajilta edellytet\u00e4\u00e4n kiinnostusta rodun terveystalkoita kohtaan. Karjavarkaan kasvatit tulee luustokuvauttaa virallisesti 2-3v i\u00e4ss\u00e4. Jos t\u00e4m\u00e4 tuntuu ylitsep\u00e4\u00e4sem\u00e4tt\u00f6m\u00e4n vaikealta, voit hankkia pentusi kasvattajalta, joka ei ole kiinnostunut rodun terveyden edist\u00e4misest\u00e4!<\/strong><\/h5>\n\n\n\n<p>.<\/p>\n\n\n\n<p><\/p>\n\n\n\n<p><\/p>\n\n\n\n<h3 class=\"wp-block-heading\">PENTUSUUNNITELMIA \/ KES\u00c4 2026<\/h3>\n\n\n\n<p>Norjan tuonti Mimmi (Lulubelle&#8217;s Tender Trouble) on astutettu. Lis\u00e4tietoja mielenkiintoisesta kansainv\u00e4lisest\u00e4 yhdistelm\u00e4st\u00e4 tulee, kun tiineys on varmistunut<\/p>\n\n\n\n<p>Tiedustelut: salla.soronen@karjavarkaan.com<\/p>\n\n\n\n<figure class=\"wp-block-gallery has-nested-images columns-default is-cropped wp-block-gallery-1 is-layout-flex wp-block-gallery-is-layout-flex\"><\/figure>\n\n\n\n<p class=\"has-text-align-left\"><\/p>\n\n\n\n<p><\/p>\n","protected":false},"excerpt":{"rendered":"<p>Pennunostajilta edellytet\u00e4\u00e4n kiinnostusta rodun terveystalkoita kohtaan. Karjavarkaan kasvatit tulee luustokuvauttaa virallisesti 2-3v i\u00e4ss\u00e4. Jos t\u00e4m\u00e4 tuntuu ylitsep\u00e4\u00e4sem\u00e4tt\u00f6m\u00e4n vaikealta, voit hankkia pentusi kasvattajalta, joka ei ole kiinnostunut rodun terveyden edist\u00e4misest\u00e4! . PENTUSUUNNITELMIA \/ KES\u00c4 2026 Norjan tuonti Mimmi (Lulubelle&#8217;s Tender Trouble) on astutettu. Lis\u00e4tietoja mielenkiintoisesta kansainv\u00e4lisest\u00e4 yhdistelm\u00e4st\u00e4 tulee, kun tiineys on [&hellip;]<\/p>\n","protected":false},"author":1,"featured_media":0,"parent":0,"menu_order":0,"comment_status":"closed","ping_status":"closed","template":"","meta":{"ngg_post_thumbnail":0,"footnotes":""},"class_list":["post-28","page","type-page","status-publish","hentry"],"_links":{"self":[{"href":"http:\/\/www.karjavarkaan.com\/index.php?rest_route=\/wp\/v2\/pages\/28","targetHints":{"allow":["GET"]}}],"collection":[{"href":"http:\/\/www.karjavarkaan.com\/index.php?rest_route=\/wp\/v2\/pages"}],"about":[{"href":"http:\/\/www.karjavarkaan.com\/index.php?rest_route=\/wp\/v2\/types\/page"}],"author":[{"embeddable":true,"href":"http:\/\/www.karjavarkaan.com\/index.php?rest_route=\/wp\/v2\/users\/1"}],"replies":[{"embeddable":true,"href":"http:\/\/www.karjavarkaan.com\/index.php?rest_route=%2Fwp%2Fv2%2Fcomments&post=28"}],"version-history":[{"count":49,"href":"http:\/\/www.karjavarkaan.com\/index.php?rest_route=\/wp\/v2\/pages\/28\/revisions"}],"predecessor-version":[{"id":852,"href":"http:\/\/www.karjavarkaan.com\/index.php?rest_route=\/wp\/v2\/pages\/28\/revisions\/852"}],"wp:attachment":[{"href":"http:\/\/www.karjavarkaan.com\/index.php?rest_route=%2Fwp%2Fv2%2Fmedia&parent=28"}],"curies":[{"name":"wp","href":"https:\/\/api.w.org\/{rel}","templated":true}]}}